{"id":80,"date":"2022-04-26T23:30:37","date_gmt":"2022-04-26T23:30:37","guid":{"rendered":"https:\/\/clinisonrie.cl\/?page_id=80"},"modified":"2023-09-27T16:00:48","modified_gmt":"2023-09-27T16:00:48","slug":"quienes-somos","status":"publish","type":"page","link":"https:\/\/clinisonrie.cl\/index.php\/quienes-somos\/","title":{"rendered":"Qui\u00e9nes Somos"},"content":{"rendered":"<p>[et_pb_section fb_built=\u00bb1&#8243; _builder_version=\u00bb4.14.4&#8243; _module_preset=\u00bbdefault\u00bb global_colors_info=\u00bb{}\u00bb][et_pb_row _builder_version=\u00bb4.14.4&#8243; _module_preset=\u00bbdefault\u00bb global_colors_info=\u00bb{}\u00bb][et_pb_column type=\u00bb4_4&#8243; _builder_version=\u00bb4.14.4&#8243; _module_preset=\u00bbdefault\u00bb global_colors_info=\u00bb{}\u00bb][et_pb_post_title meta=\u00bboff\u00bb featured_image=\u00bboff\u00bb _builder_version=\u00bb4.14.4&#8243; _module_preset=\u00bbdefault\u00bb title_font=\u00bbChivo|700|||||||\u00bb title_text_align=\u00bbcenter\u00bb title_text_color=\u00bb#41b1be\u00bb title_font_size=\u00bb43px\u00bb background_color=\u00bb#FFFFFF\u00bb global_colors_info=\u00bb{}\u00bb][\/et_pb_post_title][\/et_pb_column][\/et_pb_row][et_pb_row _builder_version=\u00bb4.14.4&#8243; _module_preset=\u00bbdefault\u00bb global_colors_info=\u00bb{}\u00bb][et_pb_column type=\u00bb4_4&#8243; _builder_version=\u00bb4.14.4&#8243; _module_preset=\u00bbdefault\u00bb global_colors_info=\u00bb{}\u00bb][et_pb_text _builder_version=\u00bb4.14.4&#8243; _module_preset=\u00bbdefault\u00bb text_font=\u00bbMontserrat||||||||\u00bb text_font_size=\u00bb19px\u00bb inline_fonts=\u00bbMontserrat,Montserrat Alternates\u00bb global_colors_info=\u00bb{}\u00bb]<\/p>\n<p><span style=\"font-family: Montserrat; font-weight: normal;\">Somos una mini red de cl\u00ednicas dentales ubicadas en el sector norte de Santiago de Chile con centros de atenci\u00f3n fijos ubicados en las comunas de Colina, Til til \u00a0y Lampa, adicionalmente se cuenta con una cl\u00ednica dental m\u00f3vil en rotaci\u00f3n.<\/span><\/p>\n<p><span style=\"font-family: Montserrat; font-weight: normal;\">Contamos con m\u00e1s de 10 a\u00f1os de experiencia ofreciendo servicios Odontol\u00f3gicos Integrales para resolver los problemas de salud bucal de nuestros pacientes prestando un excelente servicio con calidad, amabilidad y compromiso con las expectativas de tratamiento de nuestros pacientes.<\/span><\/p>\n<p><span style=\"font-family: Montserrat; font-weight: normal;\">Somos un gran equipo de profesionales expertos en todas las especialidades de la Odontolog\u00eda, nos mantenemos en rotaci\u00f3n por nuestras sedes ubicadas estrat\u00e9gicamente para facilitar el acceso a todos los pacientes que nos visitan de toda la provincia de Chacabuco.<\/span><\/p>\n<p>&nbsp;<\/p>\n<p>[\/et_pb_text][\/et_pb_column][\/et_pb_row][et_pb_row column_structure=\u00bb1_2,1_2&#8243; _builder_version=\u00bb4.14.4&#8243; _module_preset=\u00bbdefault\u00bb global_colors_info=\u00bb{}\u00bb][et_pb_column type=\u00bb1_2&#8243; _builder_version=\u00bb4.14.4&#8243; _module_preset=\u00bbdefault\u00bb global_colors_info=\u00bb{}\u00bb][et_pb_text _builder_version=\u00bb4.14.4&#8243; _module_preset=\u00bbdefault\u00bb text_font=\u00bbMontserrat||||||||\u00bb text_font_size=\u00bb19px\u00bb header_font=\u00bbMontserrat||||||||\u00bb global_colors_info=\u00bb{}\u00bb]<\/p>\n<p style=\"text-align: center;\">Contamos con <span>la certificaci\u00f3n de la SEREMI<\/span>.<\/p>\n<p>[\/et_pb_text][\/et_pb_column][et_pb_column type=\u00bb1_2&#8243; _builder_version=\u00bb4.14.4&#8243; _module_preset=\u00bbdefault\u00bb global_colors_info=\u00bb{}\u00bb][et_pb_image src=\u00bbhttps:\/\/clinisonrie.cl\/wp-content\/uploads\/2022\/04\/Imagen1.jpg\u00bb title_text=\u00bbImagen1&#8243; _builder_version=\u00bb4.14.4&#8243; _module_preset=\u00bbdefault\u00bb width=\u00bb32%\u00bb global_colors_info=\u00bb{}\u00bb][\/et_pb_image][\/et_pb_column][\/et_pb_row][\/et_pb_section]<\/p>\n","protected":false},"excerpt":{"rendered":"<p>Somos una mini red de cl\u00ednicas dentales ubicadas en el sector norte de Santiago de Chile con centros de atenci\u00f3n fijos ubicados en las comunas de Colina, Til til \u00a0y Lampa, adicionalmente se cuenta con una cl\u00ednica dental m\u00f3vil en rotaci\u00f3n. Contamos con m\u00e1s de 10 a\u00f1os de experiencia ofreciendo servicios Odontol\u00f3gicos Integrales para resolver [&hellip;]<\/p>\n","protected":false},"author":1,"featured_media":0,"parent":0,"menu_order":2,"comment_status":"closed","ping_status":"closed","template":"","meta":{"_et_pb_use_builder":"on","_et_pb_old_content":"","_et_gb_content_width":"","footnotes":""},"class_list":["post-80","page","type-page","status-publish","hentry"],"_links":{"self":[{"href":"https:\/\/clinisonrie.cl\/index.php\/wp-json\/wp\/v2\/pages\/80","targetHints":{"allow":["GET"]}}],"collection":[{"href":"https:\/\/clinisonrie.cl\/index.php\/wp-json\/wp\/v2\/pages"}],"about":[{"href":"https:\/\/clinisonrie.cl\/index.php\/wp-json\/wp\/v2\/types\/page"}],"author":[{"embeddable":true,"href":"https:\/\/clinisonrie.cl\/index.php\/wp-json\/wp\/v2\/users\/1"}],"replies":[{"embeddable":true,"href":"https:\/\/clinisonrie.cl\/index.php\/wp-json\/wp\/v2\/comments?post=80"}],"version-history":[{"count":13,"href":"https:\/\/clinisonrie.cl\/index.php\/wp-json\/wp\/v2\/pages\/80\/revisions"}],"predecessor-version":[{"id":1004,"href":"https:\/\/clinisonrie.cl\/index.php\/wp-json\/wp\/v2\/pages\/80\/revisions\/1004"}],"wp:attachment":[{"href":"https:\/\/clinisonrie.cl\/index.php\/wp-json\/wp\/v2\/media?parent=80"}],"curies":[{"name":"wp","href":"https:\/\/api.w.org\/{rel}","templated":true}]}}